se -349*r = -392*r + 258. Calculate the remainder when 44 is divided by r.
2
Let r = -303 + 654. Suppose 2*i + 11*i - r = 0. Calculate the remainder when 60 is divided by i.
6
What is the remainder when 13520/160 + (-1 - 2/(-4)) is divided by 392/15 - 4/30?
6
Let d be ((-22)/8 + 2)/((-41)/164). Calculate the remainder when (-2100)/(-735)*(-14)/(-3)*d is divided by 8.
0
Let r(p) = -14*p - 14*p + 29*p - 4. Let v be r(13). Suppose v*z - 92 = 5*z. What is the remainder when z is divided by 6?
5
Suppose 5*t - 4*y - 95 = -0*y, -5*t + 3*y + 100 = 0. Suppose -26*m + 91*m = 7865. Calculate the remainder when m is divided by t.
6
Calculate the remainder when (1 + 1)/(-2) - 2*(-973)/14 is divided by 102.
36
Let w be -1*2*(-9)/6. Let p(m) = m**3 - 3*m**2 + 2*m + 4. What is the remainder when (-140)/8*(8 + 1 + -9 + -2) is divided by p(w)?
5
Let v(q) be the third derivative of q**4/6 + 31*q**3/6 + 204*q**2. Let d(a) = a**2 - 5*a - 3. Let j be d(4). What is the remainder when v(j) is divided by 1?
0
Suppose -u + j = 173, u + 7*j - 2*j = -173. Let q = u + 234. Calculate the remainder when q is divided by 41.
20
Let o(v) be the first derivative of v**4/4 - 2*v**3 + 6*v**2 - 28*v - 71. What is the remainder when o(7) is divided by 61?
44
Let k be 28 + -5 + 8 + 1 + -5. Suppose -2*j - 5375 = -k*j. What is the remainder when j is divided by 64?
23
Suppose 2*d - 2*a - 3*a - 9 = 0, d = -2*a. Suppose 3*w - 5*c + d*c = -3, 4*w - 5*c + 6 = 0. What is the remainder when 61 is divided by w/((-3 - 2)/(-65))?
9
Let r(v) = -40*v - 474. Let u(g) = -21*g - 238. Let p(b) = 4*r(b) - 9*u(b). What is the remainder when 1513 is divided by p(-5)?
99
Let b(z) = z**3 - 5*z**2 + 25*z - 28. What is the remainder when 333 is divided by b(4)?
53
Suppose 4*i = 3*k - 121, -4*k = -2*i - 2*i - 164. Suppose -3*y - 3 = -4*y. Calculate the remainder when k is divided by (-2 - -1)/(y/(-69)).
20
Let b = -86 - -133. Let i = 55 - b. What is the remainder when 5 + 8/(i/99) is divided by 21?
20
Let b = 284 - 140. Let j = b + -209. Let p = j + 90. What is the remainder when p is divided by 10?
5
Let c = 154 + -148. Suppose -4*p - 4*b = -204, -c*b - 206 = -4*p - 8*b. Calculate the remainder when 465 is divided by p.
49
Suppose 30 + 14 = b. Let i = -59 + 110. Suppose -g = -3*g - 4, 3*x - i = 3*g. What is the remainder when b is divided by x?
14
Suppose 5*l + 39*c = 38*c + 186, 5*c = -2*l + 79. What is the remainder when 2836 is divided by l?
24
Let g(q) = -12*q**3 + 3*q**2 + 5*q + 6. Let j = 99 - 78. What is the remainder when g(-2) is divided by j?
20
Suppose 5*z - 303 = -28. Let u = -51 + z. What is the remainder when 3 - (-1 + (-2 - 3)) is divided by u?
1
Suppose -3*h = 3, -v + 3*h + 159 = 2*h. Suppose p - 27 = -a + 2*p, 0 = -2*a - 2*p + 74. Calculate the remainder when v is divided by a.
30
Let b be 136 + 1 + (-1)/(-1). Let l = b + -67. Suppose -d + l = -73. What is the remainder when d is divided by 29?
28
Let w be (9/6)/(-2 + 366/192). Calculate the remainder when (w/(-5))/((-192)/(-90) + -2) is divided by 14.
10
What is the remainder when 462 is divided by 186 + 5 + (-95)/19?
90
Suppose 0 = 12*j - 10*j - 2*p - 920, -3*p = 2*j - 910. Suppose -g + s + 94 = 0, 5*g + 29*s = 28*s + j. Calculate the remainder when 919 is divided by g.
91
Let p(c) = -4*c**3 - 11*c**2 + 9*c + 22. Suppose 20 = -34*b + 30*b - 5*z, 5*z = 3*b + 15. Calculate the remainder when p(b) is divided by (34/5)/((-1)/(-5)).
32
Let x(q) = 7*q + 75. Let g(p) = 13*p + 149. Let c(m) = 6*g(m) - 11*x(m). Calculate the remainder when 187 is divided by c(-22).
46
Let i(d) = 56*d**2 - 2*d + 3. Suppose 24*y - 27*y + 3 = 0. What is the remainder when 396 is divided by i(y)?
54
Let a(y) = -y**3 - 16*y**2 - 20*y - 48. Let u = 48 - 25. What is the remainder when u/(-2)*(-28)/2 is divided by a(-15)?
26
Suppose 0 = -z - 1118*v + 1113*v + 793, -3*z - 4*v = -2368. What is the remainder when z is divided by 42?
32
Let l(p) = -5*p**2 + 2*p - 2. Let r be l(-2). What is the remainder when 121 is divided by (r/13)/((-1)/(15 + 1))?
25
Let p = -2588 - -2599. Calculate the remainder when 174 is divided by p.
9
Let h(t) = 4*t**2 + 3*t - 4. Let q be h(-2). Let j(g) = g**3 - 6*g**2 + 8*g - 12. Calculate the remainder when j(q) is divided by 18.
0
Let m = 1707 + -1250. What is the remainder when m is divided by 21?
16
Let l be -14*12/(-420) + (-1773)/(-5). Suppose 31*p + l = 36*p. What is the remainder when 136 is divided by p?
65
Let f = -21 + 26. Suppose 5*j - h - 17 = 0, -5*j + f*h + 6 + 19 = 0. Let c = j - -24. What is the remainder when c is divided by 16?
11
Suppose -44*y = -29*y + 15. What is the remainder when 1*-4 + (9 - y) + 33 is divided by 33?
6
Suppose -5*t = 3*i - 30, 29*t = 3*i + 32*t - 42. What is the remainder when 2738 is divided by i?
18
Let n = -2598 - -2578. Let f = 33 + -1. Let y = n + f. Calculate the remainder when 56 is divided by y.
8
Suppose 15*m + 15*m - 55774 - 13616 = 0. What is the remainder when m is divided by 38?
33
Let s be (-44)/(-16) + (-6)/8. Suppose 0*q = 3*q - 3*j - 108, -5*j - 66 = -s*q. Let d = 12 + 1. Calculate the remainder when q is divided by d.
12
Suppose -4*v + 0*v - 19*v = -1426. Calculate the remainder when 148 is divided by v.
24
Suppose -3*c + 3*w + 638 = 4*w, 0 = -3*c + 3*w + 654. Suppose -180 = -564*m + 559*m. What is the remainder when c is divided by m?
34
Let z(y) = -13*y + 25*y + 14 - 5 - 11*y. Let s be z(4). Suppose 0 = -s*v + 577 - 122. Calculate the remainder when 67 is divided by v.
32
Suppose -2*c - 3*d = -2*d - 6, 0 = d. Suppose 133 = c*v - 23. Suppose -2*w + 137 = 5*q, v = 2*q - 4*w + 2. What is the remainder when 186 is divided by q?
24
Suppose 0 = -28*i - 12751 + 15523. Calculate the remainder when 299 is divided by i.
2
Let p = 261 - 256. Suppose 36 = 4*d - 4*j, -4*j - 48 = -5*d - p. Calculate the remainder when 68 is divided by d.
5
Let v = -14209 - -14260. Calculate the remainder when 113 is divided by v.
11
Suppose -2*q - 5*g + 2 = -3, -q = g - 4. Suppose -101 = -4*j - q*u, -2*j + 4*u + 27 = -17. Let o = 120 - j. Calculate the remainder when o is divided by 26.
18
Let c = 34 - 30. Suppose 0 = -3*f - c*a + 332, f - 7*a + 8*a = 111. Calculate the remainder when f is divided by 39.
34
Let t(r) = 20*r**2 + 75*r - 75. What is the remainder when 668 is divided by t(-5)?
18
Let b = 719 + -733. Let v(s) = s + 9. Calculate the remainder when b/7*3 + 2 - -27 is divided by v(-4).
3
Suppose -20*r = -2932 + 1432. Calculate the remainder when 854 is divided by r.
29
Let f(r) = -7*r**3 + 5*r**2 - 5*r + 5. What is the remainder when f(-4) is divided by 8?
1
Let l(m) = 303*m + 20631. Suppose 45 = j + 2*j. Calculate the remainder when l(-68) is divided by j.
12
What is the remainder when 237 is divided by (-1001)/(-17) + ((-42)/(-1428))/(2/8)?
1
Let r(m) = 6*m - 17. Let h(v) = 12*v - 34. Let t(k) = -3*h(k) + 5*r(k). Calculate the remainder when t(-12) is divided by 15.
14
Suppose -4*o = -4*j + 320, -4*o - 54 = 2*j - 220. Suppose x = 4*z + j, 15*x = 19*x + 2*z - 414. Calculate the remainder when x is divided by 15.
11
Let s(d) = 11*d + 0 - 2*d - 3 - 12. Let t be -1 + -1 - (8 + -14). What is the remainder when s(t) is divided by 9?
3
Suppose 1979*w - 1977*w - 4*j - 76 = 0, -5*w + 201 = j. Calculate the remainder when 232 is divided by w.
32
Let x = -4560 - -4656. What is the remainder when 767 is divided by x?
95
Let p(s) = 3*s. Let j be p(1). Suppose -2*w = 4*o - 34, -4*w + j*w + 2 = -o. What is the remainder when 99 is divided by 168/w - (0 - -4)?
19
Suppose -2*u = 5*y - 16 + 1, u - 5 = -2*y. Let x = 41 + y. What is the remainder when 134 is divided by x?
42
Let v be (2 - (-45)/(-6))/(7/(-14)). Calculate the remainder when (-7 - 12688/(-88)) + (-2)/v is divided by 13.
7
Suppose -61*g - 1044 = -70*g. What is the remainder when g is divided by 47 - 1 - 4 - 2?
36
Suppose 6*h - 44 = 6 + 64. Suppose 2*y = 2*b + 3*y - 522, -5*b + y = -1319. What is the remainder when b is divided by h?
16
Let a(f) = f**2 + f - 11. Suppose 7*r + 11 = -38. Calculate the remainder when a(r) is divided by 18.
13
Let k = 43 + -22. What is the remainder when (6 + 0 - 280/45) + (-19607)/(-63) is divided by k?
17
Let x(i) = 9*i**2 + 11*i - 64. Let z be x(11). Suppose -158 = 19*r - z. What is the remainder when r is divided by 11?
8
Supp